n base 13?
7
Convert 3 (base 14) to base 6.
3
-153 (base 15) to base 9
-366
7 (base 10) to base 13
7
What is -10101 (base 2) in base 11?
-1a
What is 2 (base 4) in base 15?
2
Convert 3 (base 10) to base 14.
3
What is -204 (base 5) in base 10?
-54
What is 5b (base 12) in base 11?
65
Convert 1100 (base 2) to base 13.
c
What is 1011000 (base 2) in base 13?
6a
-11 (base 3) to base 5
-4
-56 (base 9) to base 5
-201
What is 1 (base 2) in base 7?
1
What is -6 (base 12) in base 10?
-6
-102 (base 9) to base 11
-76
What is -a9 (base 11) in base 14?
-87
What is -4 (base 13) in base 8?
-4
1303 (base 4) to base 9
137
-126 (base 10) to base 7
-240
What is 55 (base 15) in base 4?
1100
-3 (base 8) to base 12
-3
Convert b7 (base 14) to base 11.
137
-20 (base 14) to base 15
-1d
What is eb (base 16) in base 7?
454
What is -121 (base 9) in base 16?
-64
What is 3 (base 6) in base 7?
3
-1 (base 7) to base 12
-1
Convert 4 (base 10) to base 9.
4
2210 (base 4) to base 13
c8
-2 (base 8) to base 14
-2
Convert 191 (base 10) to base 6.
515
Convert 110 (base 5) to base 12.
26
Convert 10121 (base 3) to base 15.
67
330 (base 6) to base 7
240
What is 0 (base 5) in base 9?
0
What is -1 (base 4) in base 9?
-1
Convert 40 (base 5) to base 6.
32
What is -23 (base 6) in base 11?
-14
Convert -10 (base 2) to base 16.
-2
-1 (base 8) to base 7
-1
9d (base 16) to base 7
313
Convert 1 (base 5) to base 9.
1
Convert 10 (base 14) to base 7.
20
What is -11 (base 3) in base 13?
-4
-1 (base 6) to base 5
-1
Convert 46 (base 7) to base 9.
37
Convert 6 (base 13) to base 14.
6
Convert 8 (base 15) to base 13.
8
Convert -3 (base 10) to base 4.
-3
-5 (base 7) to base 12
-5
Convert -22 (base 3) to base 2.
-1000
What is -4c (base 16) in base 3?
-2211
What is -31 (base 4) in base 8?
-15
-3110 (base 4) to base 11
-183
-46 (base 10) to base 5
-141
-140 (base 5) to base 3
-1200
Convert -1 (base 13) to base 6.
-1
110 (base 2) to base 8
6
Convert -1 (base 5) to base 8.
-1
-12 (base 8) to base 16
-a
21 (base 3) to base 15
7
What is -134 (base 11) in base 4?
-2132
Convert 5 (base 9) to base 6.
5
What is 8 (base 13) in base 4?
20
57 (base 11) to base 5
222
Convert -33 (base 7) to base 3.
-220
What is -210 (base 3) in base 10?
-21
1 (base 2) to base 16
1
Convert -7 (base 14) to base 11.
-7
Convert 14 (base 6) to base 5.
20
-45 (base 12) to base 6
-125
What is 1 (base 14) in base 11?
1
Convert -35 (base 6) to base 16.
-17
What is 7 (base 8) in base 3?
21
Convert 60 (base 10) to base 6.
140
What is 15 (base 10) in base 4?
33
Convert 13 (base 14) to base 5.
32
-3 (base 5) to base 10
-3
47 (base 10) to base 7
65
-160 (base 9) to base 6
-343
-101 (base 2) to base 10
-5
What is 0 (base 14) in base 16?
0
1 (base 13) to base 12
1
1b2 (base 14) to base 3
111001
1 (base 2) to base 6
1
56 (base 8) to base 9
51
-1211 (base 3) to base 4
-301
What is 120 (base 3) in base 12?
13
What is 0 (base 13) in base 3?
0
-12 (base 4) to base 11
-6
b5 (base 13) to base 3
12111
163 (base 10) to base 13
c7
What is 22 (base 10) in base 16?
16
-2 (base 14) to base 15
-2
4a (base 11) to base 9
60
What is 4 (base 7) in base 13?
4
Convert -2 (base 10) to base 9.
-2
Convert 50 (base 14) to base 13.
55
Convert -75 (base 13) to base 16.
-60
-110110 (base 2) to base 8
-66
Convert -1 (base 9) to base 12.
-1
What is -1 (base 10) in base 15?
-1
What is -10032 (base 4) in base 11?
-226
What is -15 (base 8) in base 12?
-11
What is 226 (base 9) in base 4?
2322
Convert -4 (base 8) to base 12.
-4
-24 (base 6) to base 10
-16
What is 1440 (base 5) in base 6?
1045
Convert -1021 (base 4) to base 2.
-1001001
-41 (base 5) to base 16
-15
Convert 103 (base 5) to base 14.
20
Convert 4 (base 6) to base 4.
10
Convert -7 (base 13) to base 4.
-13
Convert 2121 (base 3) to base 16.
46
What is -13 (base 13) in base 12?
-14
-43 (base 6) to base 5
-102
Convert 12 (base 9) to base 7.
14
What is -10001 (base 2) in base 5?
-32
Convert -232 (base 4) to base 12.
-3a
Convert 521 (base 6) to base 7.
364
Convert 0 (base 7) to base 2.
0
What is -44 (base 8) in base 5?
-121
0 (base 7) to base 5
0
What is -2 (base 12) in base 2?
-10
What is -101 (base 2) in base 6?
-5
Convert -28 (base 9) to base 14.
-1c
Convert 0 (base 10) to base 5.
0
101 (base 2) to base 8
5
100 (base 2) to base 11
4
-10 (base 9) to base 10
-9
What is -17 (base 9) in base 4?
-100
cb (base 15) to base 11
164
3 (base 16) to base 4
3
What is 4 (base 5) in base 12?
4
What is -5 (base 11) in base 10?
-5
What is -26 (base 10) in base 4?
-122
Convert -6b (base 15) to base 8.
-145
-3 (base 8) to base 5
-3
Convert -14 (base 5) to base 16.
-9
2 (base 4) to base 13
2
2 (base 16) to base 3
2
What is 11 (base 6) in base 7?
10
Convert a (base 11) to base 12.
a
-220 (base 5) to base 13
-48
4 (base 5) to base 11
4
Convert -4 (base 13) to base 9.
-4
-1 (base 6) to base 12
-1
3 (base 15) to base 11
3
7 (base 13) to base 16
7
Convert 111 (base 5) to base 9.
34
What is -111 (base 5) in base 10?
-31
What is -6 (base 13) in base 7?
-6
What is -1001 (base 2) in base 11?
-9
3 (base 7) to base 9
3
-30 (base 6) to base 13
-15
Convert -188 (base 11) to base 5.
-1332
Convert -1 (base 12) to base 4.
-1
-10010 (base 2) to base 15
-13
-20 (base 12) to base 15
-19
Convert -5 (base 6) to base 7.
-5
-2 (base 7) to base 16
-2
What is 6 (base 14) in base 16?
6
Convert -106 (base 13) to base 6.
-451
Convert a (base 14) to base 10.
10
Convert 3 (base 4) to base 12.
3
-47 (base 15) to base 6
-151
What is -3 (base 14) in base 7?
-3
Convert 1 (base 4) to base 6.
1
0 (base 13) to base 5
0
43 (base 15) to base 8
77
-3 (base 14) to base 5
-3
12 (base 12) to base 9
15
Convert -101 (base 2) to base 9.
-5
What is -3 (base 15) in base 4?
-3
Convert 26 (base 8) to base 11.
20
Convert -8 (base 9) to base 2.
-1000
What is 156 (base 15) in base 13?
1a7
Convert e (base 16) to base 7.
20
Convert -4 (base 6) to base 4.
-10
What is 43 (base 5) in base 8?
27
Convert 2 (base 3) to base 6.
2
-3 (base 6) to base 15
-3
What is 1210 (base 4) in base 16?
64
What is 15 (base 15) in base 13?
17
Convert 3 (base 16) to base 7.
3
What is -11 (base 2) in base 9?
-3
4a (base 13) to base 11
57
What is -20 (base 7) in base 10?
-14
-12 (base 5) to base 14
-7
What is -4 (base 6) in base 14?
-4
Convert 34 (base 14) to base 8.
56
Convert 23 (base 11) to base 15.
1a
Convert 1 (base 11) to base 5.
1
What is -2002 (base 3) in base 12?
-48
What is 3 (base 14) in base 6?
3
What is 113 (base 4) in base 12?
1b
What is 12 (base 7) in base 11?
9
Convert 4 (base 8) to base 7.
4
2 (base 16) to base 4
2
Convert 101 (base 8) to base 10.
65
-2010 (base 3) to base 15
-3c
What is 1 (base 2) in base 8?
1
Convert 1 (base 14) to base 2.
1
3 (base 6) to base 12
3
What is -63 (base 7) in base 5?
-140
What is -5 (base 8) in base 9?
-5
What is -1203 (base 6) in base 9?
-353
What is -29 (base 14) in base 4?
-211
Convert 0 (base 2) to base 9.
0
Convert -e3 (base 15) to base 3.
-21220
1001 (base 2) to base 6
13
-23 (base 5) to base 4
-31
Convert -2b (base 12) to base 3.
-1022
Convert 5 (base 15) to base 2.
101
What is 113 (base 7) in base 3?
2012
-3a (base 15) to base 8
-67
-1 (base 9) to base 3
-1
Convert 22 (base 9) to base 5.
40
What is 2 (base 5) in base 15?
2
What is 3 (base 6) in base 7?
3
What is 213 (base 13) in base 9?
433
-4 (base 8) to base 3
-11
-101 (base 4) to base 8
-21
Convert -1 (base 6) to base 14.
-1
What is -10 (base 3) in base 14?
-3
-1 (base 11) to base 3
-1
145 (base 15) to base 2
100100010
What is -1 (base 7) in base 12?
-1
-a1 (base 14) to base 7
-261
2 (base 8) to base 12
2
Convert 48 (base 9) to base 16.
2c
21 (base 13) to base 12
23
Convert -5 (base 12) to base 14.
-5
What is -11 (base 6) in base 10?
-7
Convert -8 (base 10) to base 7.
-11
Convert 20 (base 5) to base 13.
a
What is 33 (base 14) in base 8?
55
-4 (base 15) to base 9
-4
Convert 3 (base 12) to base 6.
3
Convert -20 (base 3) to base 6.
-10
What is 8 (base 13) in base 14?
8
110 (base 13) to base 5
1212
What is 452 (base 6) in base 4?
2300
Convert 2 (base 4) to base 7.
2
Convert 14 (base 10) to base 2.
1110
What is 2 (base 10) in base 7?
2
Convert 2 (base 14) to base 7.
2
Convert 5 (base 12) to base 2.
101
Convert 20 (base 12) to base 11.
22
Convert -14 (base 12) to base 9.
-17
What is 13 (base 9) in base 6?
20
What is -110100